{"id":2075,"date":"2021-06-28T15:36:53","date_gmt":"2021-06-28T13:36:53","guid":{"rendered":"https:\/\/www.voixlibres.org\/?post_type=projets&#038;p=2075"},"modified":"2021-06-28T15:36:53","modified_gmt":"2021-06-28T13:36:53","slug":"innovative-projekte","status":"publish","type":"projets","link":"https:\/\/www.voixlibres.org\/de\/projets\/innovative-projekte\/","title":{"rendered":"Innovative Projekte"},"content":{"rendered":"<p>Gr\u00e2ce \u00e0 vous, les enfants que nous avons berc\u00e9s il y a 20 ans dans nos maisons d\u2019accueil ont pu quitter le travail dans les mines et la violence intrafamiliale. Nous les avons accompagn\u00e9s avec amour dans nos jardins d\u2019enfants jusqu\u2019\u00e0 l\u2019\u00e9cole puis vers une formation professionnelle. Ils ont pu lib\u00e9rer leurs traumatismes. Aujourd\u2019hui, beaucoup sont devenus leaders.<\/p>\n","protected":false},"featured_media":0,"template":"","categories":[],"acf":[],"_links":{"self":[{"href":"https:\/\/www.voixlibres.org\/de\/wp-json\/wp\/v2\/projets\/2075"}],"collection":[{"href":"https:\/\/www.voixlibres.org\/de\/wp-json\/wp\/v2\/projets"}],"about":[{"href":"https:\/\/www.voixlibres.org\/de\/wp-json\/wp\/v2\/types\/projets"}],"wp:attachment":[{"href":"https:\/\/www.voixlibres.org\/de\/wp-json\/wp\/v2\/media?parent=2075"}],"wp:term":[{"taxonomy":"category","embeddable":true,"href":"https:\/\/www.voixlibres.org\/de\/wp-json\/wp\/v2\/categories?post=2075"}],"curies":[{"name":"wp","href":"https:\/\/api.w.org\/{rel}","templated":true}]}}

<p>Grâce à vous, les enfants que nous avons bercés il y a 20 ans dans nos maisons d’accueil ont pu quitter le travail dans les mines et la violence intrafamiliale. Nous les avons accompagnés avec amour dans nos jardins d’enfants jusqu’à l’école puis vers une formation professionnelle. Ils ont pu libérer leurs traumatismes. Aujourd’hui, beaucoup sont devenus leaders.</p>
